ose 35 = g + 10. Let h = g - 15. Let l be ((-15)/h)/(1/(-6)). Calculate the highest common factor of 1 and l.
1
Let b be 1/4 - 1222/(-8). Suppose r + 4*r - 85 = 0. Calculate the highest common factor of b and r.
17
Suppose i + i = 16. What is the greatest common factor of i and 24?
8
Let s(o) = -2*o - 8. Let i be s(-7). Let c = 154 - 139. Calculate the highest common factor of i and c.
3
Suppose -v = 2*l - 5 + 1, 3*l + v = 8. Calculate the greatest common factor of l and 52.
4
Let i(s) = 30*s - 10. Let h be i(7). Suppose -2*o + 6 = o. Suppose -2*w = -0*w - 4*q - 34, -o*w - 5*q + 70 = 0. Calculate the highest common divisor of w and h.
25
Let f(k) = -k + 1. Let v be f(-4). Let b = v + -3. Suppose 0 = 3*o - h - 2*h - 3, b*o = 5*h - 10. What is the highest common divisor of 2 and o?
1
Let l(p) = p**3 + 7*p**2 + p + 9. Let h(q) = 4*q**2 + 5. Let w(j) = 5*h(j) - 3*l(j). Let x be w(-2). Calculate the greatest common factor of 60 and x.
12
Let k(s) = 11*s - 2. Let a be k(1). Calculate the greatest common factor of 99 and a.
9
Suppose -2*a = -31 + 7. Suppose -3*t - a = -7*t. Calculate the highest common divisor of 1 and t.
1
Let c(v) = v**2 + 8*v - 15. Let z be c(-11). What is the greatest common factor of z and 45?
9
Let s be (-3 - 33/(-15))*-10. Suppose -2*j = p + 8, -j - s = j. Suppose -n + p + 3 = 0. What is the greatest common factor of 6 and n?
3
Let w(d) = d**3 - 3*d**2 - 3*d - 1. Let s be w(4). Let b be (-88)/(-10) + s/15. Suppose -y - 2 = -5. Calculate the highest common factor of b and y.
3
Suppose -2*g + 1 = 7. Let n be 18*((-56)/g)/4. Suppose 0 = 2*a - a - 12. What is the greatest common divisor of a and n?
12
Let o be 1/4 - (-183)/4. Let t be (-320)/(-56) + -6 + 326/14. Calculate the greatest common divisor of t and o.
23
Suppose -4*g = 3*q - 9*g - 85, -3 = -3*g. Let k = q + -17. Suppose 4*y - y = 312. What is the highest common factor of y and k?
13
Suppose 3*m + 1 = -4*b - 0, b = -5*m + 21. Let a be 2*(50/(-4))/(-5). What is the greatest common divisor of a and m?
5
Let q(g) = -2*g - 2. Let d be q(-3). Suppose 12 = d*n - 28. Suppose -3*h + 3 = 3*b, -3*h = 6*b - 2*b - 7. Calculate the greatest common divisor of b and n.
2
Suppose -27*n + 34*n = 1715. Calculate the greatest common factor of n and 49.
49
Suppose -5*z = -3*j - 920, 0 = 3*z - 2*j - 2*j - 552. What is the highest common factor of 23 and z?
23
Let z be (1*-3)/((-3)/2). Let m be z/3 - 8/12. Suppose 4*w - n = 4, m = -3*n - n. What is the highest common factor of w and 8?
1
Let b(n) = 4*n**2 - 1. Let l be b(-1). Suppose 52*q = 48*q + 8. What is the highest common divisor of q and l?
1
Let c = 55 + -52. What is the highest common factor of c and 21?
3
Let u(x) = -5*x**2 - x. Let a be u(-1). Let n be 68 + (a/2 - 0). Let g be (-4)/(-10) - (-336)/60. What is the highest common divisor of g and n?
6
Suppose 3*q + p - 22 = -2*q, 2*q = -4*p + 16. Suppose -3*r = y - 2*y + 6, 5*r = q*y - 45. What is the greatest common factor of y and 105?
15
Let g = 3 - 1. Suppose i = m - 7, -4*i - 8 = -g*m + 10. Let a(u) = u**3 + 7*u**2 - 4*u + 7. Let w be a(-7). What is the highest common factor of m and w?
5
Suppose -3*f = -f - 6. Let t(z) = z - 1. Let w be t(f). Calculate the greatest common divisor of 3 and w.
1
Let h(n) = n**2 - 13*n + 14. Let i(q) = q**2 + q + 1. Let r be i(3). Let b be h(r). Calculate the highest common factor of 154 and b.
14
Let y(x) = -x**3 - 3*x**2 - x - 1. Let a be y(-3). Suppose 63 = a*t + 13. Suppose -16*m - 1375 = -21*m. What is the highest common factor of m and t?
25
Let l be (-2)/(-4) - 51/(-6). Let o = 9 - -27. What is the greatest common divisor of o and l?
9
Let g = -63 + 90. Let j be (-1)/3 + 39/9. Let o(f) = -f**3 + 6*f**2 - 6*f + 1. Let w be o(j). Calculate the greatest common factor of w and g.
9
Suppose -3*t - 18 = -4*t. Suppose -r - 2*r + t = 0. Let n(i) = -i**2 + 15. Let m be n(0). What is the highest common divisor of m and r?
3
Let g = -35 - -65. What is the highest common factor of g and 90?
30
Suppose -5*g - 30 = -5*d, -32 = -2*d + 5*g - 14. Suppose -d*o + 0*o = -272. Suppose y - o = -18. What is the highest common factor of 10 and y?
10
Let i = 7 - 2. Suppose -4*r = 3*z - 0*z - 90, i*z = -4*r + 86. Let b(w) = 37*w**3 - w**2 - w + 1. Let h be b(1). What is the greatest common factor of h and r?
12
Suppose 5*k - 22 = -j + 85, -2*k + 50 = 4*j. What is the greatest common factor of 42 and k?
21
Let b be 2/(-6)*-6*(0 - -1). What is the highest common divisor of 2 and b?
2
Let i(q) = 4*q**2 - 4*q + 4. Let f be i(3). Let t = f - 8. What is the greatest common factor of 5 and t?
5
Suppose -9*v + 120 = 15*v. What is the greatest common factor of 20 and v?
5
Suppose -6*t + 4*i = -2*t + 400, 3*t + 2*i + 295 = 0. Let x = -53 - t. Let s = x + -28. What is the greatest common divisor of s and 12?
6
Let b be (3/9)/(2/12). Suppose -2*s - s = -3*n + 9, 5 = -s + 3*n. Let j be (1 - 0 - s) + -2. What is the highest common factor of j and b?
1
Suppose -2*d - d + 25 = 5*t, 0 = 4*d - 20. Let j(k) = -1 + k**2 + 1. Let w be j(t). What is the greatest common factor of w and 2?
2
Suppose 2*q - 59 = 3*h, -4*q = -h + 5*h - 108. Suppose 5*t = -5*b + 165, 12 = -t + 2*b + 30. Calculate the greatest common factor of q and t.
28
Let m(q) = -13*q - 33. Let v be m(-5). Calculate the greatest common factor of v and 4.
4
Let m(b) = b**3 + 3*b**2 - 2*b - 2. Let i be m(2). Calculate the greatest common factor of i and 112.
14
Let l(y) = 3*y**2 + 8*y + 7. Let u be l(-5). Let w be -11 + 3/((-3)/(-2)). Let z = w - -15. What is the highest common divisor of z and u?
6
Let s be (-2 - 0) + (2790/6)/3. What is the highest common divisor of 17 and s?
17
Suppose -h - 320 = -4*m - 0*m, -5*m = -4*h - 400. Calculate the greatest common factor of m and 32.
16
Let n = 0 - -3. Suppose n*x - 78 + 18 = 0. Calculate the greatest common divisor of 180 and x.
20
Let u be (0 - 1 - 0)*-17. Suppose -k = 3*d + 7, -4*k - 1 + u = d. Let i = 13 + k. What is the greatest common divisor of 12 and i?
6
Let c be (5 - 9/2)/(1/6). Calculate the highest common factor of 12 and c.
3
Let w = -44 - -140. Calculate the highest common factor of 24 and w.
24
Let r(w) = w**2 + 8*w + 27. Let n be r(-6). What is the greatest common divisor of 30 and n?
15
Suppose 3*d = 2*d - 7. Let k(o) = -3 - 9*o + 0*o + 2*o**2 - 3*o**2. Let w be k(d). Calculate the greatest common factor of w and 1.
1
Let f = 13 + 17. What is the greatest common divisor of 10 and f?
10
Suppose 2 - 26 = -3*q. Suppose 0 = -5*u + 4*b + 22, 0 = -5*u - 0*u - 2*b + 34. Let j be 2/u + 69/9. Calculate the highest common factor of q and j.
8
Let v(q) = -q**2 + 4*q - 1. Let l be v(3). Let p be (-1)/2*l*-2. Let x = -14 - -17. Calculate the highest common factor of p and x.
1
Suppose 9*o = -5*x + 4*o + 1035, 0 = -5*x + 5*o + 995. Calculate the highest common divisor of x and 29.
29
Let o = 387 + -261. Calculate the greatest common factor of 14 and o.
14
Let m(f) = 2*f - 9. Let x be m(6). Suppose x*n - 59 - 121 = 0. What is the highest common factor of 24 and n?
12
Let s = 41 - 29. Let x(m) be the third derivative of -11*m**4/24 - 7*m**3/6 + m**2. Let o be x(-5). Calculate the greatest common divisor of o and s.
12
Let j = 2 + -11. Let p = 39 + j. Calculate the greatest common factor of p and 120.
30
Let w = 767 + -400. Suppose 4*v + 2*o + 368 = 0, w = -5*v + 4*o - 80. Let f = 5 - v. Calculate the greatest common divisor of f and 12.
12
Suppose 4*m + 146 = 542. Calculate the greatest common divisor of 33 and m.
33
Let d(c) = -8*c + 3. Suppose -3 + 5 = -2*m. Let s be d(m). Calculate the highest common factor of 11 and s.
11
Let h = 6 - -10. Suppose -3*c + 158 = -127. Let p = 223 - c. What is the highest common factor of p and h?
16
Let b(s) = 13*s**2 - 2*s. Let q be b(2). Calculate the highest common divisor of 72 and q.
24
Suppose -5*d + 105 = 3*t, 2*t + 3*d - 2 = 67. Calculate the highest common factor of t and 45.
15
Let b be 10/14 - (-4)/14. Let z(i) = 5*i + 1. Let f be z(1). Let y be 1/(-2) + f/4. What is the greatest common divisor of y and b?
1
Suppose -6*r - 180 = -2*r. Let n be 10/r - (-310)/18. Calculate the greatest common factor of 153 and n.
17
Let q(w) = -w + 105. Let l be q(0). Calculate the greatest common divisor of l and 15.
15
Suppose y + 4 = 0, -3*b + 2*y 